
Is 7493 composite?
True
Is 1005583 a prime number?
False
Is 22613 a composite number?
False
Is 451 a prime number?
False
Is 178013 prime?
False
Is 60757 a composite number?
False
Is 25523 composite?
False
Is 53507 prime?
True
Is 4283 a prime number?
True
Is 36209 prime?
True
Is 428629 prime?
True
Is 16301 a prime number?
True
Is 6701 composite?
False
Is 24305 prime?
False
Is 2925773 a composite number?
False
Is 145879 a prime number?
True
Is 105605 prime?
False
Is 9047 a prime number?
False
Is 138361 composite?
True
Is 2579 composite?
False
Is 146401 a composite number?
True
Is 16361 a prime number?
True
Is 1018 a prime number?
False
Is 107243 prime?
True
Is 273551 a prime number?
True
Is 117659 a prime number?
True
Is 6865 composite?
True
Is 12841 a prime number?
True
Is 709 composite?
False
Is 4609 a composite number?
True
Is 45367 a prime number?
False
Is 157397 a composite number?
True
Is 17623 a composite number?
False
Is 150949 a prime number?
False
Is 75301 prime?
False
Is 952897 a composite number?
True
Is 2605 prime?
False
Is 579601 a prime number?
False
Is 32066 composite?
True
Is 962737 a composite number?
False
Is 26093 a prime number?
False
Is 18367 prime?
True
Is 317451 prime?
False
Is 1553 prime?
True
Is 101513 a composite number?
False
Is 15501 a prime number?
False
Is 8633 composite?
True
Is 112237 a prime number?
True
Is 50357 prime?
False
Is 1081403 composite?
False
Is 46993 a composite number?
False
Is 52565 a prime number?
False
Is 301934 composite?
True
Is 1711 prime?
False
Is 1025209 a prime number?
True
Is 5329 prime?
False
Is 122651 a composite number?
False
Is 25495 prime?
False
Is 3317 a composite number?
True
Is 656221 prime?
True
Is 490277 a composite number?
False
Is 97483 a prime number?
False
Is 43649 prime?
True
Is 281939 prime?
False
Is 587 a composite number?
False
Is 70783 a prime number?
True
Is 117307 a prime number?
True
Is 667 a prime number?
False
Is 9323 a composite number?
False
Is 2956399 a prime number?
True
Is 59113 prime?
True
Is 505847 prime?
False
Is 771053 a prime number?
False
Is 83767 a prime number?
False
Is 362969 composite?
False
Is 16673 composite?
False
Is 16181 prime?
False
Is 14173 a composite number?
False
Is 166645 a prime number?
False
Is 1036141 a composite number?
True
Is 5923 prime?
True
Is 33569 a prime number?
True
Is 78059 a prime number?
True
Is 2147 a prime number?
False
Is 182759 a prime number?
False
Is 16309 prime?
False
Is 5113 a composite number?
False
Is 8189 composite?
True
Is 79279 composite?
False
Is 37165 a composite number?
True
Is 37822 a composite number?
True
Is 572735 prime?
False
Is 43151 a composite number?
False
Is 4406 a composite number?
True
Is 426971 prime?
True
Is 787549 a prime number?
False
Is 213691 composite?
True
Is 20219 prime?
True
Is 167887 prime?
True
Is 676189 prime?
False
Is 3239 composite?
True
Is 24431 prime?
False
Is 7241 a prime number?
False
Is 53435 prime?
False
Is 33049 composite?
False
Is 67121 a prime number?
True
Is 3643 composite?
False
Is 23523 a prime number?
False
Is 12811 a composite number?
True
Is 7937 prime?
True
Is 18119 composite?
False
Is 23906 composite?
True
Is 689281 composite?
True
Is 45407 a prime number?
False
Is 11699 a composite number?
False
Is 128287 a composite number?
False
Is 50501 prime?
False
Is 103307 a prime number?
True
Is 326309 prime?
True
Is 2950093 a composite number?
False
Is 118317 a composite number?
True
Is 64553 composite?
False
Is 555163 composite?
True
Is 28429 prime?
True
Is 685591 a composite number?
False
Is 275881 prime?
True
Is 6431 a prime number?
False
Is 1296439 composite?
True
Is 147191 composite?
True
Is 17239 a composite number?
False
Is 690583 a composite number?
False
Is 137831 a composite number?
False
Is 6029 a composite number?
False
Is 4867 prime?
False
Is 1147694 composite?
True
Is 72379 composite?
False
Is 23467 prime?
False
Is 32107 prime?
False
Is 30011 prime?
True
Is 420173 a prime number?
False
Is 43447 composite?
True
Is 5158 a composite number?
True
Is 365957 a prime number?
False
Is 1411013 a prime number?
True
Is 10583 a prime number?
False
Is 10327 composite?
True
Is 5919 a prime number?
False
Is 196429 prime?
True
Is 114889 a composite number?
False
Is 13043 a prime number?
True
Is 609101 a composite number?
False
Is 47227 composite?
True
Is 2155781 prime?
True
Is 156419 a composite number?
False
Is 12149 a prime number?
True
Is 427327 a composite number?
False
Is 16078 a prime number?
False
Is 184859 a composite number?
False
Is 8885 a composite number?
True
Is 56617 a prime number?
False
Is 86969 a composite number?
False
Is 243017 a composite number?
True
Is 10639 a composite number?
False
Is 111611 a prime number?
True
Is 1987 a composite number?
False
Is 379 composite?
False
Is 326987 prime?
False
Is 81803 a prime number?
False
Is 2000843 a composite number?
True
Is 56591 a prime number?
True
Is 167959 a composite number?
True
Is 649063 a prime number?
True
Is 391441 prime?
True
Is 39101 a composite number?
True
Is 11399 a composite number?
False
Is 522113 composite?
False
Is 2949319 a composite number?
False
Is 21169 prime?
True
Is 207349 a prime number?
False
Is 73037 a prime number?
True
Is 59539 prime?
True
Is 324633 prime?
False
Is 5807 prime?
True
Is 5099 a composite number?
False
Is 9661 prime?
True
Is 8147 composite?
False
Is 11071 prime?
True
Is 1409 prime?
True
Is 367789 a composite number?
False
Is 137533 a composite number?
True
Is 25777 composite?
True
Is 1735 composite?
True
Is 20798 a prime number?
False
Is 58885 a composite number?
True
Is 244999 a composite number?
True
Is 11819 a prime number?
False
Is 55127 prime?
True
Is 351145 a composite number?
True
Is 28201 prime?
True
Is 802517 a prime number?
False
Is 103387 prime?
True
Is 15389 a composite number?
True
Is 979 prime?
False
Is 86923 a composite number?
False
Is 3353 a composite number?
True
Is 24587 a prime number?
False
Is 123341 a prime number?
True
Is 3226 a composite number?
True
Is 1965527 prime?
True
Is 8501 prime?
True
Is 172999 a prime number?
True
Is 89179 a composite number?
True
Is 293577 a composite number?
True
Is 1172111 prime?
True
Is 18839 prime?
True
Is 17547 composite?
True
Is 82189 prime?
True
Is 1945 composite?
True
Is 666269 a composite number?
False
Is 401429 a prime number?
False
Is 12659 a prime number?
True
Is 90409 a composite number?
True
Is 110822 composite?
True
Is 93127 a composite number?
True
Is 5277 composite?
True
Is 2777 composite?
False
Is 86263 a composite number?
False
Is 32989 a composite number?
True
Is 45989 a prime number?
True
Is 5941 a prime number?
False
Is 10174 composite?
True
Is 178643 a prime number?
True
Is 15421 composite?
True
Is 4769 a composite number?
True
Is 1163 a composite number?
False
Is 31129 a prime number?
False
Is 2477 composite?
False
Is 5227 prime?
True
Is 632747 a composite number?
False
Is 9965 composite?
True
Is 17783 composite?
False
Is 6589 composite?
True
Is 2579 prime?
True
Is 3203 a prime number?
True
Is 3869 a prime number?
False
Is 5363 a composite number?
True
Is 44467 a prime number?
False
Is 1334893 a prime number?
False
Is 11863 prime?
True
Is 1267667 a composite number?
True
Is 10583005 prime?
False
Is 8887 composite?
False
Is 8053 prime?
True
Is 29821 composite?
True
Is 55457 a prime number?
True
Is 1492009 composite?
False
Is 868261 a prime number?
False
Is 28321 a prime number?
False
Is 901399 a composite number?
False
Is 115243 a composite number?
True
Is 61127 a composite number?
True
Is 7369 a prime number?
True
Is 19369 prime?
False
Is 10301 a composite number?
False
Is 74639 a composite number?
True
Is 74249 prime?
False
Is 1459 a composite number?
False
Is 559243 prime?
True
Is 787 prime?
True
Is 7214 a prime number?
False
Is 1665523 a prime number?
True
Is 177 prime?
False
Is 3229 a composite number?
False
Is 1654673 composite?
False
Is 235031 a composite number?
True
Is 3387 a prime number?
False
Is 8321 prime?
False
Is 959 prime?
False
Is 721457 prime?
False
Is 1117 prime?
True
Is 52489 a prime number?
True
Is 106591 composite?
False
Is 117641 prime?
False
Is 282407 a prime number?
True
Is 43291 a composite number?
False
Is 64871 a composite number?
False
Is 67391 composite?
False
Is 137